 l = 5*i + 6. Is i a composite number?
False
Suppose -5*q + 11 - 1 = 0. Suppose 7 = -2*d - q*v - 1, -v - 3 = 2*d. Is (234 - -5) + d*-2 prime?
False
Suppose 5*y = -1 + 86. Let x = y - -5. Is x composite?
True
Suppose i - 27 = 3*w, -45 = -5*i - 2*w + 5. Let k = i - -7. Is k prime?
True
Suppose -4*j - 3*x + 210 = -x, 5*x + 111 = 2*j. Is j a composite number?
False
Is 10/15 + -1 - 2505/(-9) prime?
False
Suppose 9*s + 1142 = 12*s - 2*g, -2*g - 378 = -s. Is s a composite number?
True
Suppose 5*d - 780 = -0*i - 5*i, d - 164 = -5*i. Suppose 445 - d = 3*n. Is n composite?
False
Suppose -11*i + 16*i - 15 = 0. Let f(j) be the third derivative of 13*j**4/24 - 2*j**3/3 + j**2. Is f(i) prime?
False
Let k be 8/24 - (-28)/6. Suppose 0*f = k*f - 1045. Is f composite?
True
Let b = 12 + -9. Suppose 2*p + 3*y = 511, 508 = 2*p - b*y + 5*y. Is p composite?
False
Let u be (-4)/(-8) + 7/2. Let m be (u - 2)*(-4)/(-2). Suppose -9 = -k - 3*s, 0*s + 80 = m*k + s. Is k a prime number?
False
Let h be 66/(-18) - (-2)/3. Is h/(-4) + 1779/12 composite?
False
Let k = 382 + -208. Let m(p) = -p**3 + p**2 - p + 3. Let a be m(0). Suppose a*s - k = 81. Is s a composite number?
True
Suppose -2*t = -7 + 3. Suppose 0 = -t*m + 2*d + 402, m - 224 = -d - 19. Is m composite?
True
Let p = 77 - 55. Let s be p/8*1*8. Let j = 37 - s. Is j composite?
True
Suppose -4*q = -20, 3*q - 2668 = -4*l - q. Is l composite?
True
Let w(s) = -33*s + 3. Suppose -4 - 10 = -p - 4*a, p + 18 = 4*a. Is w(p) composite?
True
Suppose -6*l + 6 = -2*m - 2*l, 0 = -4*m - 3*l - 67. Let b = 24 + m. Is b a prime number?
True
Suppose -16*x + 1055 = -11*x. Is x a prime number?
True
Let u be 1 - ((-2 - -5) + -2). Suppose t = -4*f + 12, u = -4*t + f - 3. Suppose 0 = -t*q - q + 19. Is q prime?
True
Suppose 14 = 5*y - 1. Suppose -2*a + 345 = y*a. Is a prime?
False
Let k be 0 + -21 - (-8)/4. Let m = 11 - k. Is 2352/m + 6/10 composite?
False
Let f = 24 - 19. Is ((-1)/(-3))/(f/6465) a prime number?
True
Let y be 4/18 + (-260)/(-45). Suppose y*t - 3*t = 201. Is t a composite number?
False
Let k = 0 + 0. Suppose -3*t - t + 32 = k. Is 4/(-16) - (-82)/t a prime number?
False
Let b be 8 + (-8 + -1)/3. Suppose -2*l = -b*t + 879 + 162, 5*t - 1037 = 4*l. Is t a composite number?
True
Suppose 24 = -2*l - 0. Let b = -6 - l. Is b a prime number?
False
Suppose 174 = 4*b - 2*b. Is b a composite number?
True
Suppose -2*r = 5*i - 3*r - 15, -5*i = 3*r - 15. Suppose 4*w - 12 = 4*a, 0 = -4*a - a + 2*w - i. Suppose 0*d + 5*l - a = -d, -2*l + 29 = 3*d. Is d prime?
True
Suppose 0 = 3*l + 6 - 18. Suppose 0 = 2*i + l*c - 202, -2*c + 5*c - 394 = -4*i. Is i a prime number?
True
Let f = 341 - 142. Is f a composite number?
False
Let q be -5 + 24 - 3/(-1). Let t(f) = f**3 - 4*f**2 + 2*f + 4. Let i be t(4). Let m = q + i. Is m composite?
True
Suppose -17*t + 14*t + 3573 = 0. Is t composite?
True
Let u(t) = t**3 - 7*t**2 + 4*t - 7. Let r be u(9). Let b = r - -188. Is b composite?
False
Suppose 0 = -4*a + a + 159. Is a a composite number?
False
Suppose 1336 = 2*s - 0*s. Suppose c - s = -3*c. Is c a prime number?
True
Let n = -11 + 17. Suppose -d = h - n*h - 81, 3*h + 3*d + 63 = 0. Let f = h + 56. Is f composite?
True
Let j = 658 - 449. Is j a composite number?
True
Suppose 2*u = -4*k + 20, 5 = k - u - 3*u. Suppose 2*m - 3*q = 89, 2*q + 158 = k*m - 81. Is m a prime number?
False
Suppose 3*i - i = 506. Is i a prime number?
False
Suppose 7 = 2*d - 3. Suppose 0 = -2*b + d*b - 45. Let t = 74 - b. Is t prime?
True
Let r be -1 - (-4)/(-8)*2. Is ((-213)/6 - 0)*r a composite number?
False
Let y(c) = -28*c - 29. Is y(-10) prime?
True
Let f = -5 + -5. Let a be (-16)/f*5/2. Suppose 4 - 230 = -2*k - 2*m, -m = -a. Is k a composite number?
False
Let j = 3 + -15. Is (-1317)/j + (-9)/12 prime?
True
Let b = -2 + 5. Is (-1 + b)*(-47)/(-2) a composite number?
False
Is ((-603)/(0 - -3))/(-1) a prime number?
False
Suppose 4*k = i + 9*k - 149, -745 = -5*i + k. Is i a prime number?
True
Let f(w) = 0*w**2 + w**2 + 7 + 11 - 21 + 3*w. Let r be (-1 + -2*2)/1. Is f(r) a composite number?
False
Let y(p) be the second derivative of 7*p**4/6 - p**3/6 + 2*p**2 + p. Is y(-3) a prime number?
False
Is 58786/42 + 2/(-3) a composite number?
False
Let c = 83 + 168. Is c composite?
False
Suppose -3*m = 3*r + 6, 3*r + 3*m + 10 = -m. Suppose r*q + 6*b = b + 237, -5*b + 570 = 5*q. Is q a composite number?
True
Suppose -5*b = 5*k - 10, -k + b = 4*b. Suppose -11*z + 2*z = 0. Is k*1 - z/(-2) a composite number?
False
Let s = -2 - -4. Suppose -s + 8 = w. Is (w/(-4))/(1/(-2)) composite?
False
Let d(a) = 4*a**2 - 3*a. Let p be d(3). Let x = p + 7. Is x prime?
False
Let r = 85 - -866. Suppose -r = 2*o - 5*o. Is o a prime number?
True
Suppose 8*k - 2251 = -659. Is k composite?
False
Is (3 + 5)/2 - (1 - 1280) a prime number?
True
Let n(h) = 24*h**2 - 4. Let w be n(-4). Let v = -89 + w. Is v prime?
False
Let o = -4 - -7. Suppose -o*v = -59 - 4. Is v prime?
False
Suppose 0*f = 4*f - q - 2, 0 = -3*q - 6. Suppose -4*t + t - 6 = f. Is (t/(-3))/(4/186) composite?
False
Let h = 48 - -367. Suppose -2*l + 7*l = -h. Let t = -30 - l. Is t prime?
True
Let q be (-12)/(-18)*(-12)/(-2). Suppose x - 1 - q = 0. Suppose -4*u - u = -x*k - 20, -5*u - k = -50. Is u a prime number?
False
Let c(y) = y**2 + 10*y + 10. Suppose 0*a + a = -20. Let t = 10 + a. Is c(t) a prime number?
False
Let f be (-1676)/(-22) + 6/(-33). Is ((-1)/(-4))/(1/f) composite?
False
Let x = 2 - 0. Suppose -76 = -c + x*m - 0*m, c = 3*m + 78. Let s = 103 - c. Is s a prime number?
True
Let t(y) = -y**3 + 10*y**2 - 10*y + 7. Let n(c) = 3*c**3 - 31*c**2 + 31*c - 21. Let v(z) = 2*n(z) + 7*t(z). Is v(6) a composite number?
False
Let n be 4/(-16) + 1/4. Suppose n*j - 3*j = 3. Is (-7)/(-5)*(4 - j) a composite number?
False
Let n = -15 + 15. Let w(x) = -x**3 + 5*x**2 + 4. Let g be w(5). Suppose n = -p + g*p - s - 107, -4*p - s = -152. Is p composite?
False
Let c = 219 + -64. Suppose 0*a - 5*a = -c. Is a a prime number?
True
Let i(n) = -2*n**2 + 7*n + 8. Let t be i(-4). Let l = t + 75. Is l a composite number?
False
Let s(k) = -k + 3. Let h be s(0). Suppose -h*d + 0*d = -885. Is d prime?
False
Let u be (3/(-2) - 0)*-2. Suppose -v = -u*t - 4*v + 162, -v = 5*t - 250. Is t a prime number?
False
Suppose 5*k - 1160 = 2*f + 3*f, k - 231 = 2*f. Is k prime?
True
Let c be 12/18 - 10/(-3). Suppose 0*i = -i - 1, 4*i + 20 = c*o. Suppose 0 = -q - 4*y + 19, 0*q + q - o*y = 3. Is q composite?
False
Suppose 67 = -2*m + 5*y, y - 3*y + 94 = -4*m. Let u = 44 - -28. Let r = m + u. Is r composite?
True
Let s = -5 - -7. Suppose z + 35 - 120 = -4*p, -176 = -2*z - s*p. Is z composite?
False
Let a(g) = 5*g**2 + 3*g - 1. Let j(y) = -y**3 + 2*y**2 + 2*y + 1. Let z be j(2). Suppose 3*u - 13 = 5*v, -u + 25 = -z*v + 4. Is a(u) prime?
True
Let r(p) = 1 - 4*p**2 + 1 + 5*p**2 - 2*p. Let s be r(2). Suppose -s*i + 0*i + 586 = 0. Is i a prime number?
True
Is -1 + 255/(-10)*(-61 - -3) composite?
True
Let x be (-3)/(1/(-16)*-6). Suppose 5 = 4*q + 17. Is (-175 - q)*10/x composite?
True
Suppose 7*x - 15 = 2*x. Suppose x*a + 285 = 6*a. Suppose -r = 4*r - a. Is r prime?
True
Suppose -2*w + 4 = y + 13, 0 = 3*y + 5*w + 24. Is 25 - 4/2 - y a composite number?
True
Suppose 4*d = -2*u + 2, 5*u + 6*d = 2*d + 11. Suppose 0 = -5*n + v + v + 65, 5*v + 39 = u*n. Is n a composite number?
False
Suppose 6393 = f + 4*f + 2*n, 5*f = 5*n + 6400. Is f a prime number?
True
Let p = -121 + 180. Is p a prime number?
True
Let i(o) = 19*o**2 + o + 1. Let k be (5/3 + -2)*3. Let u be i(k). Is (u/2)/((-3)/(-18)) composite?
True
Suppose 0 = -4*d - 20, -7*h - d + 351 = -3*h. Is h a prime number?
True
Let z be 1 - (-3 + 2) - 2. Let d be 0/(-1) - z - 5. Is (-2)/(-4) + d/(-2) composite?
False
Let v = 20 - 13. Let k = -3 + v. Suppose b - 152 = -k*b - q, -5*q = 2*b - 47. Is b a composite number?
False
Let w(y) = -y**2 - 5*y - 10. Let v be w(12). Suppose 5*f - 4*k + 36 = 0, -5*k + 6 = 2*f - 6. Is f/6 + v/(-6) a composite number?
True
Suppose -o + 2*t = 207, -4*t - 60 = o + 177. Let c = 549 + o. Suppose -7*n + c = -3*n. Is n composite?
False
Let x = -7 + 9. Suppose -620 = -5*h - x*j + 1419, -h + 409 = j. Is h a prime number?
False
Is (4/6)/((-26)/(-11973)) a composite number?
False
Is (466/(-3) - 4)*-3 prime?
False
Is 0 + (-6)/15 - (-3794)/10 